{"id":200,"date":"2024-09-26T17:54:58","date_gmt":"2024-09-26T21:54:58","guid":{"rendered":"https:\/\/comautrefois.ca\/?page_id=200"},"modified":"2024-09-26T18:43:23","modified_gmt":"2024-09-26T22:43:23","slug":"vin-rouge","status":"publish","type":"page","link":"https:\/\/comautrefois.ca\/index.php\/vin-rouge\/","title":{"rendered":"Vin rouge"},"content":{"rendered":"\t\t<div data-elementor-type=\"wp-page\" data-elementor-id=\"200\" class=\"elementor elementor-200\">\n\t\t\t\t<div class=\"elementor-element elementor-element-20829345 e-flex e-con-boxed e-con e-parent\" data-id=\"20829345\" data-element_type=\"container\">\n\t\t\t\t\t<div class=\"e-con-inner\">\n\t\t\t\t<div class=\"elementor-element elementor-element-49e74579 elementor-widget elementor-widget-image\" data-id=\"49e74579\" data-element_type=\"widget\" data-widget_type=\"image.default\">\n\t\t\t\t<div class=\"elementor-widget-container\">\n\t\t\t<style>\/*! elementor - v3.23.0 - 05-08-2024 *\/\n.elementor-widget-image{text-align:center}.elementor-widget-image a{display:inline-block}.elementor-widget-image a img[src$=\".svg\"]{width:48px}.elementor-widget-image img{vertical-align:middle;display:inline-block}<\/style>\t\t\t\t\t\t\t\t\t\t<img fetchpriority=\"high\" decoding=\"async\" width=\"479\" height=\"319\" src=\"https:\/\/comautrefois.ca\/wp-content\/uploads\/2024\/09\/vin-rouge.png\" class=\"attachment-full size-full wp-image-202\" alt=\"\" srcset=\"https:\/\/comautrefois.ca\/wp-content\/uploads\/2024\/09\/vin-rouge.png 479w, https:\/\/comautrefois.ca\/wp-content\/uploads\/2024\/09\/vin-rouge-300x200.png 300w\" sizes=\"(max-width: 479px) 100vw, 479px\" \/>\t\t\t\t\t\t\t\t\t\t\t\t\t<\/div>\n\t\t\t\t<\/div>\n\t\t\t\t\t<\/div>\n\t\t\t\t<\/div>\n\t\t<div class=\"elementor-element elementor-element-ee6f4b1 e-flex e-con-boxed e-con e-parent\" data-id=\"ee6f4b1\" data-element_type=\"container\">\n\t\t\t\t\t<div class=\"e-con-inner\">\n\t\t\t\t<div class=\"elementor-element elementor-element-5f6ead81 elementor-widget elementor-widget-heading\" data-id=\"5f6ead81\" data-element_type=\"widget\" data-widget_type=\"heading.default\">\n\t\t\t\t<div class=\"elementor-widget-container\">\n\t\t\t<style>\/*! elementor - v3.23.0 - 05-08-2024 *\/\n.elementor-heading-title{padding:0;margin:0;line-height:1}.elementor-widget-heading .elementor-heading-title[class*=elementor-size-]>a{color:inherit;font-size:inherit;line-height:inherit}.elementor-widget-heading .elementor-heading-title.elementor-size-small{font-size:15px}.elementor-widget-heading .elementor-heading-title.elementor-size-medium{font-size:19px}.elementor-widget-heading .elementor-heading-title.elementor-size-large{font-size:29px}.elementor-widget-heading .elementor-heading-title.elementor-size-xl{font-size:39px}.elementor-widget-heading .elementor-heading-title.elementor-size-xxl{font-size:59px}<\/style><h2 class=\"elementor-heading-title elementor-size-default\">Vin rouge<\/h2>\t\t<\/div>\n\t\t\t\t<\/div>\n\t\t\t\t<div class=\"elementor-element elementor-element-1d0ec782 elementor-widget elementor-widget-text-editor\" data-id=\"1d0ec782\" data-element_type=\"widget\" data-widget_type=\"text-editor.default\">\n\t\t\t\t<div class=\"elementor-widget-container\">\n\t\t\t<style>\/*! elementor - v3.23.0 - 05-08-2024 *\/\n.elementor-widget-text-editor.elementor-drop-cap-view-stacked .elementor-drop-cap{background-color:#69727d;color:#fff}.elementor-widget-text-editor.elementor-drop-cap-view-framed .elementor-drop-cap{color:#69727d;border:3px solid;background-color:transparent}.elementor-widget-text-editor:not(.elementor-drop-cap-view-default) .elementor-drop-cap{margin-top:8px}.elementor-widget-text-editor:not(.elementor-drop-cap-view-default) .elementor-drop-cap-letter{width:1em;height:1em}.elementor-widget-text-editor .elementor-drop-cap{float:left;text-align:center;line-height:1;font-size:50px}.elementor-widget-text-editor .elementor-drop-cap-letter{display:inline-block}<\/style>\t\t\t\t<p><u> Vin Rouge 2021<\/u><\/p><p>Vin rouge l\u00e9ger et \u00e9volu\u00e9<\/p><p>Aromes\u00a0: Note \u00e9volu\u00e9e de sous-bois, champignons et pruneaux<\/p><p>Taux d\u2019alcool\u00a0: 11%<\/p><p>Taux de sucre\u00a0:<em> &lt;<\/em>1 g\/L<\/p><p>Temp\u00e9rature de d\u00e9gustation\u00a0: 14 \u00e0 16 \u00b0C<\/p><p>\u00a0<\/p><p>Ce vin l\u00e9ger en bouche est parfait pour accompagner des viandes en sauces \u00e0 base de champignons.<\/p>\t\t\t\t\t\t<\/div>\n\t\t\t\t<\/div>\n\t\t\t\t\t<\/div>\n\t\t\t\t<\/div>\n\t\t\t\t<\/div>\n\t\t","protected":false},"excerpt":{"rendered":"<p>Vin rouge l\u00e9ger et \u00e9volu\u00e9<\/p>\n","protected":false},"author":2,"featured_media":58,"parent":0,"menu_order":0,"comment_status":"closed","ping_status":"closed","template":"","meta":{"footnotes":""},"class_list":["post-200","page","type-page","status-publish","has-post-thumbnail","hentry"],"_links":{"self":[{"href":"https:\/\/comautrefois.ca\/index.php\/wp-json\/wp\/v2\/pages\/200","targetHints":{"allow":["GET"]}}],"collection":[{"href":"https:\/\/comautrefois.ca\/index.php\/wp-json\/wp\/v2\/pages"}],"about":[{"href":"https:\/\/comautrefois.ca\/index.php\/wp-json\/wp\/v2\/types\/page"}],"author":[{"embeddable":true,"href":"https:\/\/comautrefois.ca\/index.php\/wp-json\/wp\/v2\/users\/2"}],"replies":[{"embeddable":true,"href":"https:\/\/comautrefois.ca\/index.php\/wp-json\/wp\/v2\/comments?post=200"}],"version-history":[{"count":22,"href":"https:\/\/comautrefois.ca\/index.php\/wp-json\/wp\/v2\/pages\/200\/revisions"}],"predecessor-version":[{"id":260,"href":"https:\/\/comautrefois.ca\/index.php\/wp-json\/wp\/v2\/pages\/200\/revisions\/260"}],"wp:featuredmedia":[{"embeddable":true,"href":"https:\/\/comautrefois.ca\/index.php\/wp-json\/wp\/v2\/media\/58"}],"wp:attachment":[{"href":"https:\/\/comautrefois.ca\/index.php\/wp-json\/wp\/v2\/media?parent=200"}],"curies":[{"name":"wp","href":"https:\/\/api.w.org\/{rel}","templated":true}]}}